 z + 15. Let h be b(-5). Suppose 7*o + 135 = h*o. Calculate the greatest common divisor of o and 9.
9
Let f(r) = -r + 3. Let i be f(2). Let b be (15 + -2)/i + 0. Let x = b + -4. Calculate the highest common divisor of 99 and x.
9
Suppose 0 = -4*x + x + 15. Suppose -11*w = -19 - 14. Suppose 2*j - h - 1041 = -w*j, x*h + 607 = 3*j. What is the greatest common factor of 19 and j?
19
Suppose -2*b = 7*q - 5*q - 318, 3*b + 163 = q. Suppose 98 = 4*d + 3*o + 9, -5*d - 5*o + 115 = 0. Calculate the greatest common factor of d and q.
20
Suppose 0 = -1194*w + 1170*w + 576. Calculate the highest common factor of 1092 and w.
12
Suppose 4714 = 75*j - 686. Calculate the greatest common factor of 516 and j.
12
Suppose 10*x - 8*x = 0. Suppose -4*j = -x*j + 216. Let h = -9 - j. Calculate the highest common factor of 5 and h.
5
Let s be (-65)/((-1)/(-2)*(0 + 2)). Let i = -58 - s. Suppose 4*v = -v + 385. What is the highest common factor of v and i?
7
Suppose -4*o = -54 + 22. Let g(c) = 14*c - 24. Let s be g(4). Calculate the greatest common factor of s and o.
8
Let z = -34 + 48. Let w be 3 + 7/(-1)*1 + 18. Calculate the highest common factor of z and w.
14
Let n(s) = 2*s**2 - 10*s + 15. Let h be n(5). Suppose 11*d = h*d - 160. What is the greatest common divisor of d and 5?
5
Let h(b) = -5*b**3 + 31*b**2 - 5*b + 12. Let i be h(6). Let f(j) = j**2 + 5*j + 4. Let t be f(5). What is the highest common factor of i and t?
18
Let u(l) = -l**3 - 6*l**2 + 28*l + 16. Let x be u(-9). Suppose 5*m + x*i = 6*i + 13, -5*m + 5 = 5*i. What is the highest common factor of 4 and m?
1
Let i = -16 + 16. Suppose -5*o = -t + 80, i*o - 2*t = -2*o - 40. Let c be ((-50)/(-3))/(o/(-45)). Calculate the greatest common divisor of c and 20.
10
Let z(g) = 12*g**2 - 5*g - 3. Let h be z(2). Calculate the greatest common factor of 5 and h.
5
Suppose 0*s = 5*s - 10. Suppose 20*i - 134 + 54 = 0. Suppose -2*z + 6 = -3*k - 4, -z + s*k = -i. Calculate the greatest common divisor of 80 and z.
8
Suppose -18 = -5*a + 2. Suppose 5*z = 20, 0 = -2*w + 3*z - a*z + 54. What is the greatest common divisor of 50 and w?
25
Let u be (-10)/(-6) + (-112)/168. What is the highest common factor of u and 10?
1
Suppose 10 = 5*r - 15. Let t be -20*(-3 - -2 - 1/r). What is the greatest common factor of t and 120?
24
Suppose 3*a + 495 = 5*j, -5*a - 39 = -j + 60. Let n be 12*-2*(-6)/16. Calculate the greatest common divisor of n and j.
9
Suppose 28 = 2*y + 4. Suppose 0 = 3*m - 2*w + 5*w - 6, 2*m - 5*w + 17 = 0. Let c be m*12*(0 - 1). What is the greatest common factor of c and y?
12
Let j = 291 - 285. What is the greatest common factor of 216 and j?
6
Let k = -123 + 125. What is the highest common divisor of k and 8?
2
Suppose 21 + 4 = -5*b. Let c be ((-117)/(-6))/(b/(-30)). Let j = 8 - -5. Calculate the highest common factor of c and j.
13
Let r = 151 + -74. Let a be -3*3/9 + -7. Let j = -1 - a. What is the highest common divisor of j and r?
7
Let r(f) = -11*f + 72. Let m be r(3). Calculate the greatest common divisor of m and 351.
39
Let a be (-2)/4 + (-8)/32*-82. Calculate the greatest common factor of a and 15.
5
Let n(q) = 5 + 2 + 2*q**2 - 3 - 4*q. Let c be n(2). What is the highest common factor of c and 44?
4
Let o = 225 + -195. Calculate the greatest common divisor of 54 and o.
6
Let j(r) be the second derivative of r**4/12 - r**3 + 9*r**2/2 + 4*r. Let y be j(4). What is the greatest common divisor of y and 9?
1
Let f be 2/9 + 104/18. Let v(m) = m**3 - 4*m**2 - 9*m + 7. Let z be v(f). Suppose -z + 7 = -r. Calculate the greatest common divisor of 9 and r.
9
Suppose -x + 4*x = 0. Suppose x = -2*v + v + 51. Suppose -3*f - 82 = -5*o, 5*f - 56 = 4*o - 7*o. What is the highest common factor of o and v?
17
Let z = -217 + 244. Calculate the greatest common divisor of z and 459.
27
Suppose 344 = d - 4*l, l = 5*d + 4*l - 1605. Suppose 6*n = 3*n + d. Let s be 1/(-5) - n/(-15). What is the highest common divisor of 77 and s?
7
Let v(m) be the second derivative of m**5/20 + m**4/2 - 7*m**3/6 - 7*m**2 + 3*m. Let i be v(-4). What is the highest common divisor of i and 506?
46
Let n(m) = 4*m - 10. Let p be n(3). Let k be (-6)/(66/(-625)) - p/(-11). Calculate the highest common factor of 38 and k.
19
Let s = -379 + 427. Calculate the highest common factor of s and 30.
6
Let n(o) be the first derivative of o**4/2 + 2*o**3/3 + 3*o**2/2 - 3*o + 2. Let j be n(2). What is the greatest common divisor of j and 18?
9
Let h(y) = -y**3 - 4*y**2 - 5*y - 5. Let z be h(-3). What is the highest common divisor of 1 and z?
1
Suppose 2*b + o - 154 = -o, 5*o = -2*b + 169. Calculate the greatest common factor of 9 and b.
9
Let p be ((-72)/15)/((-8)/(-1120)*-6). Let i be -1 - 17/2*-2. What is the greatest common divisor of p and i?
16
Suppose -5*t + 1016 = 2*w, 3*w - 358 = 5*t - 1384. What is the highest common divisor of t and 17?
17
Suppose -3*l = -2*t + 2, -6 - 4 = 5*l. Let u be 1 + t + 1 - -44. Suppose -555 = -5*y + h, 575 = 5*y + h - 6*h. What is the highest common factor of y and u?
22
Suppose 0 = 3*n + 5*p - 77, 4 = p - 0*p. Let m = -86 + 124. Calculate the greatest common divisor of n and m.
19
Suppose 25*f = 3938 - 263. Calculate the greatest common divisor of f and 3.
3
Let u be 3 + -4 + 1 + 6. Suppose -3*a - u*a + 18 = 0. What is the greatest common divisor of a and 2?
2
Suppose o + 2*u - 16 = -3, u = o + 2. Let s be 1207/51 - (-1)/o. Calculate the highest common factor of s and 6.
6
Suppose 4*x + 1320 = 24*x. What is the greatest common divisor of x and 374?
22
Let r(c) = -204*c - 51. Let y be r(-3). What is the greatest common divisor of 17 and y?
17
Let y be (-325)/(-15) - 2/3. Let s(u) = u**3 + 8*u**2 - 10*u - 7. Let v be s(-9). Suppose 3*b = -v*b + 735. Calculate the highest common factor of y and b.
21
Let j(n) = -3*n - 6. Let q be j(-4). Let l(t) = -5*t**2 + 5*t - 15. Let g be l(q). Let m be 3 + 0 + g/(-5). What is the greatest common divisor of 12 and m?
12
Suppose 2 = -19*x + 18*x. Let r be ((x + 12)*-1)/(-2). Calculate the highest common divisor of r and 20.
5
Let a = 10 - -15. Suppose -142*j + 22559 = 6709 - 12550. What is the greatest common divisor of a and j?
25
Suppose 5*w - 6 = -3*y, -4 = -5*y + 3*y - 2*w. Suppose 2*d - y*h = 476, 0 = -d + 2*d + 3*h - 254. Calculate the greatest common divisor of d and 22.
22
Let t = -62 - -104. Let g = 35 - t. Let b be g + 3 + 392/7. Calculate the highest common divisor of b and 13.
13
Suppose 410 = 5*p - q - 3*q, -q + 151 = 2*p. Suppose 0 = -5*y + 242 + p. Let s = 55 + -39. What is the highest common divisor of y and s?
16
Let p = -1247 - -1298. Calculate the highest common factor of p and 561.
51
Let m = 233 - 90. Suppose 0 = a - 7 - 4. Calculate the greatest common factor of a and m.
11
Let d(z) = -z**2 + 6*z + 1. Let o(v) = v**2 - 7*v - 1. Let k(j) = 2*d(j) + 3*o(j). Let y be k(12). What is the greatest common divisor of y and 5?
5
Suppose 2*g = -4, -6*l - 59 = -7*l + 4*g. Calculate the greatest common factor of 17 and l.
17
Let s(t) = -5*t**3 + 7*t**2 - 5*t + 2. Let a(w) = -w**3 - w. Let u(x) = 6*a(x) - s(x). Let i be u(-8). What is the highest common divisor of i and 28?
14
Let n(w) = -w + 2. Let j be n(-2). Let i = 72 + -70. Calculate the greatest common divisor of j and i.
2
Let c be -7 + 2 - 188/(-4). Calculate the greatest common factor of c and 28.
14
Suppose -1857 = -17*n - 72. Calculate the highest common divisor of 35 and n.
35
Let n(o) = 6*o**2 + 5*o - 4. Let s be n(1). Let w(v) = 2*v**2 - 11*v + 10. Let i be w(s). What is the greatest common divisor of i and 62?
31
Let b = -48 - -83. Let p = -30 + b. Calculate the greatest common factor of p and 5.
5
Let s be 0 - (376*1)/1. Let m be (-7)/21 - s/3. Suppose -b = 4*b - m. What is the greatest common factor of b and 10?
5
Let a = -221 - -227. What is the highest common divisor of a and 42?
6
Let a be (-1 + 2)*10*(-5)/(-2). Let p = a - 15. What is the highest common factor of 40 and p?
10
Let p = -1846 - -2026. Calculate the highest common divisor of p and 840.
60
Let q be 1/(-2) - (-1125)/10. Suppose -9*h + 4*h + 140 = 0. Calculate the highest common factor of h and q.
28
Let a(v) = 8*v**3 - 5*v**2 + 4*v - 3. Let u be a(1). Suppose -7 = -k - 1. Calculate the greatest common factor of k and u.
2
Let s be (1 - 0)*(2 - 4). Let